5531.
7, 1021, 455473
What are the prime factors of 15593831?
11, 1093, 1297
What are the prime factors of 91630353?
3, 727, 42013
What are the prime factors of 10980104?
2, 467, 2939
What are the prime factors of 603768555?
3, 5, 13, 31, 197
List the prime factors of 4056799.
439, 9241
List the prime factors of 41972652.
2, 3, 37, 31511
What are the prime factors of 144694152?
2, 3, 1249, 1609
List the prime factors of 84919188.
2, 3, 2003, 3533
List the prime factors of 24381705.
3, 5, 37, 197, 223
What are the prime factors of 1645008496?
2, 151, 680881
What are the prime factors of 867352706?
2, 11, 29, 1359487
What are the prime factors of 1716918410?
2, 5, 171691841
What are the prime factors of 744633211?
7, 23, 1201, 3851
List the prime factors of 1233427670.
2, 5, 23, 5362729
List the prime factors of 3837357271.
11, 829, 420809
List the prime factors of 17019608.
2, 67, 113, 281
What are the prime factors of 276063868?
2, 69015967
List the prime factors of 147255241.
7, 17, 176777
What are the prime factors of 50437954?
2, 7, 41, 12553
What are the prime factors of 150024004?
2, 13, 31, 7159
List the prime factors of 4722353001.
3, 174901963
List the prime factors of 57938757.
3, 607, 31817
What are the prime factors of 3162577250?
2, 5, 7, 1807187
What are the prime factors of 636171783?
3, 13, 233, 70009
What are the prime factors of 1832690973?
3, 557, 1096763
What are the prime factors of 136099932?
2, 3, 11341661
What are the prime factors of 1423939539?
3, 11, 43, 613, 1637
List the prime factors of 102057446.
2, 41, 1244603
List the prime factors of 138787170.
2, 3, 5, 4626239
What are the prime factors of 303100537?
303100537
What are the prime factors of 544816883?
13, 41908991
List the prime factors of 5065443437.
17, 83, 719, 4993
List the prime factors of 3657941867.
17, 215173051
What are the prime factors of 1004377828?
2, 251094457
List the prime factors of 3403704.
2, 3, 37, 3833
List the prime factors of 440109557.
440109557
List the prime factors of 29549674.
2, 7, 11, 19, 10099
What are the prime factors of 464986467?
3, 11, 1565611
What are the prime factors of 714577752?
2, 3, 7, 79, 131, 137
List the prime factors of 1297293195.
3, 5, 11, 67, 239, 491
List the prime factors of 850933944.
2, 3, 7, 23, 24469
List the prime factors of 16722783.
3, 7, 11, 59, 409
List the prime factors of 160207247.
160207247
What are the prime factors of 50031721?
1361, 36761
List the prime factors of 5329803.
3, 73, 24337
List the prime factors of 702868348.
2, 7, 13, 223, 1237
What are the prime factors of 2434529230?
2, 5, 7, 4968427
List the prime factors of 65542070.
2, 5, 11, 54167
List the prime factors of 602469714.
2, 3, 7, 11, 199, 6553
What are the prime factors of 31542191?
17, 1855423
List the prime factors of 1787940891.
3, 11, 547273
What are the prime factors of 56089353?
3, 41, 59, 131
List the prime factors of 1520244.
2, 3, 11, 349
What are the prime factors of 580631173?
127, 1747, 2617
List the prime factors of 105222727.
105222727
List the prime factors of 117635327.
19, 2339, 2647
What are the prime factors of 233655922?
2, 17, 404249
List the prime factors of 36317363.
36317363
List the prime factors of 3953645895.
3, 5, 2281, 115553
List the prime factors of 972789091.
972789091
What are the prime factors of 231196276?
2, 23, 37, 2953
What are the prime factors of 20010368?
2, 7, 23, 971
List the prime factors of 140264580.
2, 3, 5, 23, 101641
List the prime factors of 204975002.
2, 19, 2003, 2693
What are the prime factors of 109242609?
3, 7, 19, 39113
List the prime factors of 1270327202.
2, 109, 5827189
What are the prime factors of 181777621?
61, 1303, 2287
List the prime factors of 80214135.
3, 5, 43, 124363
List the prime factors of 1526500349.
11, 97, 1430647
List the prime factors of 3833998196.
2, 7, 1129, 121283
What are the prime factors of 79653075?
3, 5, 17, 62473
What are the prime factors of 508306690?
2, 5, 31, 1639699
What are the prime factors of 1872896052?
2, 3, 17, 181, 50723
What are the prime factors of 82004273?
13, 6308021
What are the prime factors of 3888736374?
2, 3, 59, 10985131
List the prime factors of 50369552.
2, 3148097
List the prime factors of 118172923.
11, 10742993
List the prime factors of 50213061.
3, 47, 39569
What are the prime factors of 707905573?
29, 4423, 5519
List the prime factors of 1839218941.
7, 262745563
What are the prime factors of 322957761?
3, 7, 15378941
What are the prime factors of 1335092398?
2, 667546199
What are the prime factors of 45670913?
37, 1234349
What are the prime factors of 65040439?
19, 3423181
List the prime factors of 189054428.
2, 941, 50227
List the prime factors of 385075608.
2, 3, 41, 391337
What are the prime factors of 3203930862?
2, 3, 11, 37, 48593
List the prime factors of 372451330.
2, 5, 37245133
What are the prime factors of 836102209?
31, 37, 728947
List the prime factors of 136416752.
2, 1567, 5441
List the prime factors of 3994797076.
2, 998699269
List the prime factors of 4745994317.
23, 206347579
List the prime factors of 4496479164.
2, 3, 124902199
List the prime factors of 432927094.
2, 191, 1133317
What are the prime factors of 185285362?
2, 89, 1040929
What are the prime factors of 48537585?
3, 5, 367, 2939
What are the prime factors of 176934817?
5737, 30841
List the prime factors of 579797500.
2, 5, 231919
What are the prime factors of 97802895?
3, 5, 6520193
What are the prime factors of 4155447541?
7, 37, 433627
List the prime factors of 4313182.
2, 971, 2221
List the prime factors of 1959867569.
11, 10303, 17293
List the prime factors of 53293574.
2, 26646787
List the prime factors of 700350998.
2, 797, 439367
List the prime factors of 208966008.
2, 3, 173, 50329
List the prime factors of 384349061.
384349061
What are the prime factors of 38739858?
2, 3, 739, 8737
List the prime factors of 1073079355.
5, 17, 659, 19157
List the prime factors of 11854472.
2, 7, 30241
List the prime factors of 333259502.
2, 166629751
What are the prime factors of 54952847?
54952847
List the prime factors of 349960998.
2, 3, 131, 541, 823
List the prime factors of 85302335.
5, 751, 22717
List the prime factors of 327002665.
5, 11, 443, 13421
What are the prime factors of 95918648?
2, 7, 23, 74471
List the prime factors of 57971299.
19, 131, 23291
What are the prime factors of 2926209685?
5, 7, 11943713
What are the prime factors of 1484376172?
2, 371094043
List the prime factors of 4109425646.
2, 37, 73, 760723
What are the prime factors of 57297732?
2, 3, 59, 80929
What are the prime factors of 748234378?
2, 73, 541, 9473
What are the prime factors of 41633570?
2, 5, 11, 311, 1217
What are the prime factors of 3709002079?
3709002079
List the prime factors of 43908279.
3, 79, 185267
List the prime factors of 2677837359.
3, 892612453
List the prime factors of 201532823.
7219, 27917
List the prime factors of 47473122.
2, 3, 701, 11287
List the prime factors of 158144217.
3, 7, 11, 17, 523
What are the prime factors of 2724614170?
2, 5, 272461417
List the prime factors of 993943061.
401, 2478661
List the prime factors of 244799787.
3, 23, 3547823
What are the prime factors of 33147028?
2, 163, 50839
What are the prime factors of 672462655?
5, 71, 547, 3463
List the prime factors of 1872489849.
3, 659, 947137
List the prime factors of 1188836225.
5, 6037, 7877
List the prime factors of 798248100.
2, 3, 5, 13, 204679
List the prime factors of 38839995.
3, 5, 59, 14629
List the prime factors of 2839485374.
2, 11, 1459, 88463
What are the prime factors of 15917208?
2, 3, 47, 103, 137
List the prime factors of 517896654.
2, 3, 11, 7846919
What are the prime factors of 573186313?
7, 229, 357571
List the prime factors of 278989675.
5, 67, 166561
What are the prime factors of 487488627?
3, 71, 762893
List the prime factors of 35145220.
2, 5, 11, 107, 1493
List the prime factors of 2715553304.
2, 339444163
List the prime factors of 26482683.
3, 23, 383807
What are the prime factors of 287040808?
2, 35880101
What are the prime factors of 1762392599?
11, 59, 2715551
List the prime factors of 5898205119.
3, 593, 3315461
What are the prime factors of 3611601459?
3, 9547, 14011
List the prime factors of 94288920.
2, 3, 5, 11, 61, 1171
What